25 = -25*v + 20*v. Let a = h + -301. Calculate the greatest common divisor of 235 and a.
47
Suppose 5567 = 27*t - 5395. Calculate the greatest common divisor of 1372 and t.
14
Suppose -2*z = -t - t, 14 = 2*t + 5*z. Suppose -280 = -t*j - 5*i, -9 + 1 = -2*i. Suppose -145 = -5*w + 115. What is the greatest common divisor of w and j?
26
Let y be 11*2 - ((-164)/(-16) - 10)*4. What is the highest common divisor of 3591 and y?
21
Let g(k) = -21*k**2 - 10*k + 7 + 1 + 22*k**2. Let p be g(6). Let s = 20 + p. What is the greatest common divisor of 6 and s?
2
Suppose -152*l - 4199 = -208*l - 267*l. Calculate the greatest common factor of 3523 and l.
13
Suppose -5*d - 248 = -4*h, -15*h + 10*h - 2*d = -376. Suppose -5*l + 252 = -3*l. What is the greatest common factor of h and l?
18
Let q be (-12)/14 - 6439080/(-1932). What is the greatest common factor of 2940 and q?
196
Suppose 29*s + 245 = 3725. Calculate the highest common factor of s and 300.
60
Let i = 199 - 150. Let q be 33 - (-24)/(-8) - 2*1. What is the highest common factor of i and q?
7
Let o = -52 - 155. Let j = -198 - o. Calculate the greatest common factor of j and 36.
9
Let a(y) = 75*y**2 - y - 7 + 3*y - 38*y**2 - 34*y**2. Let q be a(-3). Calculate the highest common factor of q and 14.
14
Let u(i) = i**3 + 12*i**2 + 10*i - 5. Let k be u(-11). Suppose 3*q - 32 = 5*r, 4 = -3*q + 2*r - k*r. What is the greatest common divisor of 52 and q?
4
Let p = 848 - 738. Suppose -5*u + 0*v = -v - 95, -5*u + 4*v + p = 0. Calculate the greatest common factor of 42 and u.
6
Let i(r) = -r**2 + 5*r + 4. Let q be i(5). Suppose -11*a = -15*a - 48. Let p = 32 + a. What is the highest common factor of p and q?
4
Let q(i) = -524*i - 362. Let p be q(-6). What is the greatest common divisor of 13 and p?
13
Suppose 124 = -3*y - 15*y + 160. Calculate the greatest common factor of y and 55.
1
Suppose -7*y + 313*y = -74*y + 12160. Calculate the greatest common factor of y and 128.
32
Suppose -k + f + 18 = 0, -f + 29 = 4*k - 28. What is the highest common divisor of k and 3345?
15
Suppose 0 = -10*n + 8*n + 44. Suppose 2*p + 712 = p. Let m = -470 - p. Calculate the greatest common factor of n and m.
22
Let z be 5*9/30*474/9. Let u(j) = -j**2 + 5*j + 7. Let q be u(11). Let s = z + q. Calculate the highest common divisor of s and 4.
4
Let x = -429 + 437. Suppose x*r = 5*r + 462. Calculate the highest common divisor of r and 66.
22
Let d = -384 - -388. Suppose 16 = -d*g, -5*p + 2*g = -g - 3087. What is the greatest common factor of p and 15?
15
Let r = 20194 - 18804. Calculate the highest common factor of r and 6394.
278
Let c be (-2)/(-6)*11/((-44)/(-228)). Suppose 5*i = -4*u + c + 37, 0 = -3*u - 3. Calculate the highest common factor of i and 132.
12
Let f be 123/15*(-1)/((-4)/220). Suppose -5*n + 974 = -f. What is the greatest common divisor of 15 and n?
15
Let r(j) = 13*j - 94. Let d be r(10). Let t = d + 99. What is the highest common factor of t and 45?
45
Suppose -15204 = -5*u - 5*s + 11836, u - s = 5416. What is the highest common divisor of u and 264?
132
Let c be (-6)/(-6*(-2)/6). Let w be (-5 - c)/(1/(-2)) - 64. Let t be 72/5*w/(-18). What is the greatest common factor of 16 and t?
16
Let c be (-2574)/1430*140/(-6). What is the greatest common factor of 2478 and c?
42
Let u = -81 - -81. Suppose u = 2*p + p + 153. Let b = 65 + p. What is the greatest common divisor of b and 14?
14
Let v be (39 + 2/(-2))/(244/5612). Calculate the greatest common divisor of v and 46.
46
Let c be (-1)/(5 + (-78)/15). Suppose c*o - 88 = -63. Let t(g) = 3*g**3 + 4*g**2 - 2*g - 1. Let h be t(2). What is the highest common divisor of h and o?
5
Let m be (-1 - 4)/(-10) - (-1555)/10. Calculate the highest common factor of m and 192.
12
Suppose 5*u + 12*u - 51 = 0. Suppose -w = -k - 3*k - 2, -w + 5 = -u*k. Calculate the greatest common divisor of 21 and w.
7
Suppose -28 = 13*f - 9*f + 4*o, 4*f - 4*o - 12 = 0. Let y be (-2432)/(-28) + f/(-4 - 10). Calculate the highest common divisor of 87 and y.
87
Let a(h) = -33*h - 1806. Let w be a(-55). Calculate the highest common factor of 3501 and w.
9
Let d(s) = -72*s + 42. Let r(i) = 4*i + 21. Let m be r(-7). Let h be d(m). What is the highest common divisor of h and 14?
14
Suppose 5*t + 28 = t. Let f = t + 15. Let i(o) = -1129*o + 23729. Let h be i(21). What is the greatest common divisor of f and h?
4
Let u be (-2683)/(-4) + ((-35)/(-20))/7. Calculate the greatest common divisor of 183 and u.
61
Suppose 7*r = 42 - 77. Let c be 4 + (-428)/8*2. Let a be c/r - (-2)/5. Calculate the highest common factor of a and 231.
21
Suppose -28*v = -35*v + 3199. Let o = v - 302. What is the greatest common factor of o and 25?
5
Suppose -2*k = -5*k + g - 15, 5*k = -2*g - 25. Let c be 19008/(-18)*(k + 1). Suppose -11*v = -23*v + c. What is the greatest common factor of v and 32?
32
Let g = -423 - -421. Let f be (-1*348/7)/(g/7). Calculate the highest common divisor of 6 and f.
6
Suppose -t = 2*i - 116, -7*t = -2*i - 3*t + 136. Let c(x) = 2*x**3 - 40*x**2 + 17*x - 40. Let f be c(20). What is the highest common factor of f and i?
60
Suppose 6*z - 256 - 308 = 3*o, 4*o - 85 = -z. Calculate the highest common factor of 1550 and z.
31
Suppose 239241 = -350*a + 379*a - 12682. What is the highest common factor of 238 and a?
119
Suppose 5*q - 2*t + 319 = 107, -4*q + 2*t - 170 = 0. Let a = 366 + q. Calculate the greatest common factor of a and 81.
81
Suppose y + 7*g - 3*g - 2054 = 0, -g - 10375 = -5*y. What is the highest common factor of 34 and y?
34
Let n = -4003 + 4223. Calculate the greatest common divisor of 506 and n.
22
Suppose w + 3*p - 34 - 59 = 0, -447 = -4*w + 3*p. What is the greatest common divisor of w and 516?
12
Let p(h) = -11*h**3 + 34*h**2 - 37*h - 223. Let s be p(-11). Calculate the highest common divisor of s and 177.
177
Let s = -19398 + 52128. What is the highest common divisor of s and 30?
30
Let y(w) = w**3 - 3*w**2 + 1. Let t be y(3). Let l = 3401 + -3388. What is the greatest common factor of t and l?
1
Let s(j) = -4*j**2 - 149*j + 35. Let l be s(-38). Let q = 224 + l. What is the highest common factor of q and 58?
29
Suppose -3*k = 3*k - 12 - 30. What is the greatest common divisor of k and 13391?
7
Suppose 0 = -0*q + q - 20. Let l = -100 + 150. Calculate the greatest common factor of l and q.
10
Let o be 256/10 - (-33)/(-55) - 2/2. Calculate the greatest common divisor of o and 243.
3
Let u(c) = -65*c + 350. Let j be u(2). Calculate the greatest common divisor of j and 160.
20
Suppose -c + 32 = -0. Let g(z) = 7*z**2 - 33*z + 10. Let s be g(5). What is the greatest common factor of c and s?
4
Let c be 6*8/(-2)*(-22)/(-12). Let a = c - -8. Let r = a - -126. What is the highest common factor of 10 and r?
10
Suppose 5*s = 144 + 6. Let m = -15 + s. What is the highest common factor of m and 6?
3
Suppose 12*w - 32 = 16. Let l be 11 + (2 - 16/w). Let m = 203 + -122. Calculate the highest common divisor of m and l.
9
Let k(o) = 2*o**2 + 5*o + 26. Let b be k(-5). Suppose -905 - b = -3*l + d, -3*d = 2*l - 641. What is the greatest common factor of l and 33?
11
Let l be (-9)/2*4/(-6). Suppose -8 = 2*h, -5*h = -l*q - 9*h + 17. What is the highest common factor of q and 110?
11
Let k(c) = 3*c - 40 - 18 + 41 - 24. Let f be 12*(-3 - 17/(-4)). Let q be k(f). What is the greatest common factor of 6 and q?
2
Let k(z) = 5*z**2 - 13*z - 20. Let l be k(5). What is the greatest common divisor of l and 1700?
20
Let h = 10884 + -5966. Calculate the greatest common factor of h and 2.
2
Let q(d) = 240*d + 9207. Let m be q(-36). Calculate the greatest common factor of 7 and m.
7
Let w(t) = t + 1. Let j be w(4). Suppose -4*s + s - 5*i - 31 = 0, 2*s = 2*i + 6. Let p be ((-15)/(-5) + s)*30. Calculate the greatest common factor of p and j.
5
Let l = 100 + -72. Calculate the highest common divisor of 1022 and l.
14
Let i(y) = 40*y - 267. Let j be i(7). Suppose -5*b = -b - 104. Let v = 39 - b. Calculate the highest common divisor of v and j.
13
Let f = -136 + 141. Suppose 0 = 3*p - 4 - f, -4*p - 93 = -3*c. What is the highest common divisor of c and 5?
5
Let x(p) = -8 - 24 + 7 - 28*p - 5*p + 35*p. Let o(t) = -t**3 + 4*t**2 + 5*t - 5. Let d be o(4). Let u be x(d). Calculate the highest common divisor of 30 and u.
5
Suppose 5*h =